. What is the remainder when 37 is divided by j(-3)?
11
Let p(l) = -7*l + 11. What is the remainder when p(-3) is divided by 11?
10
Let g(a) = 5*a**2. Calculate the remainder when g(2) is divided by 11.
9
Calculate the remainder when 83 is divided by (1 - (-125)/(-20))*-4.
20
Let j(a) = -5*a - 2. Let q be j(-2). Calculate the remainder when 38 is divided by (-20)/q*(-5 - -1).
8
Let s = -6 - -47. Suppose -2*v = 5*y - s, 0*y = -2*v - 2*y + 26. What is the remainder when v is divided by (-43)/(-15) + (-18)/(-135)?
2
Suppose 4*k - 106 = 42. Calculate the remainder when k is divided by 10.
7
Let r = 0 + 1. Let g(h) = -h**3 + 8*h**2 + 10*h - 2. What is the remainder when (20 - (-2 + 3))*r is divided by g(9)?
5
Suppose 3*k - 3*p + 27 = -0*k, 2*p - 34 = 4*k. Let l = k - -21. Suppose -2*v - 3*v + 12 = o, 165 = 5*o + 4*v. Calculate the remainder when o is divided by l.
11
Suppose a + 36 = 4*a. Suppose -a - 11 = -i. Suppose -33 = -4*p + i. What is the remainder when 41 is divided by p?
13
Let f = -13 - -31. Let y be (f/15)/((-2)/(-5)). Suppose -5*o + 107 = -3*c, 0 = -5*o - 2*c + y*c + 99. What is the remainder when 36 is divided by o?
17
Let i(y) = y**2 + 3*y - 12. Let t be i(-6). Suppose t*c = 5*c + 15. Calculate the remainder when 42 is divided by c.
12
Suppose -i + 1 = -13. Let z = -24 - -28. Calculate the remainder when i is divided by z.
2
Suppose 13*x - 43 = 12*x. What is the remainder when 127 is divided by x?
41
Let g(b) = -b**2 + 15*b - 12. Let h be g(11). Suppose 3*m - u = 22, -h = -5*m + 3*u + u. What is the remainder when m is divided by 5?
3
Let m be (-2)/6 + (-24)/9. Let h = m + 3. Suppose h = 4*j - j - 15. What is the remainder when j is divided by 2?
1
Let f = -11 - -15. Let x(l) = l**3 - 2*l**2 - 6*l + 3. Let o be x(f). Calculate the remainder when o/2 - (-3)/(-6) is divided by 3.
2
Calculate the remainder when -1 + (-3)/6*-194 is divided by 9.
6
Let f = 6 + -1. Suppose f*o = -2*x + 122, 5*o - 60 = -3*x + 58. Suppose 4*i - 2*u - 54 = -3*u, -4*i + 4*u = -64. Calculate the remainder when o is divided by i.
12
Suppose -g + 2*g = 6. Let n(w) = -2*w**3 + 2*w**2 + 3*w + 4. Calculate the remainder when n(-2) is divided by g.
4
Let w(z) = z**2 + 7*z + 2. Let q be w(-7). Suppose a + 3 = 5*x + 9, -q*a = -3*x - 47. What is the remainder when a is divided by (-4)/(2 - 3)*4?
15
Suppose -u - 1 = 0, -2*z + u + 3 + 22 = 0. Let i = z - -1. Suppose y = 3 + 2. What is the remainder when i is divided by y?
3
Suppose -19*m + 16*m + 39 = 0. What is the remainder when 55 is divided by m?
3
Suppose -3*p = 2 - 23. Suppose 2*t + 20 = p*t. What is the remainder when 6 is divided by t?
2
Let i(b) = b**2 - 2*b - 1. Let v be i(3). Suppose 31 - 3 = v*m. Let q = m + -1. Calculate the remainder when 24 is divided by q.
11
Let x = -4 - -3. Calculate the remainder when -18*(x + 2 + -2) is divided by 7.
4
Let c be 8/20 - (-13)/5. Suppose 0*j + j - 10 = -c*b, -5*j = -3*b - 32. What is the remainder when j is divided by 3?
1
Let v(l) = -l**2 - 8*l. What is the remainder when ((-11)/(-4))/(2/24) is divided by v(-6)?
9
Suppose 4*v - 2*c = 104, -2*c = 3*v - c - 73. What is the remainder when 121 is divided by v?
21
Let q(y) = -y**3 + 5*y**2 + 3. Let u(j) = j**2 - 8*j + 1. Let f(m) = m**2 - 8*m + 9. Let n be f(8). What is the remainder when q(4) is divided by u(n)?
9
Suppose 8*r - 7 = -4*i + 5*r, -3*i = -4*r + 26. Let u be 1/i + (-18)/4. Let l = u + 13. Calculate the remainder when l is divided by 5.
3
Let q = 226 - 132. What is the remainder when q is divided by 24?
22
Suppose u = -u + 22. Let h = 12 - u. What is the remainder when 4 is divided by h?
0
Let w be 3*(32/(-12))/(-2). Suppose w*f - 408 = -4*z, 101 = 3*z - 3*f - 181. Calculate the remainder when z is divided by 25.
23
Let d(n) = 2*n**2 + 11*n + 20. Calculate the remainder when d(-9) is divided by 17.
15
Suppose 0 = -p + l + 3*l + 25, 2*p = 3*l + 40. Calculate the remainder when 32 is divided by p.
15
What is the remainder when 303 is divided by -2*(-2)/12 + (-450)/(-27)?
14
Let p(l) = -5*l - 31. Let q = -48 + 82. What is the remainder when 2/(1 - 30/q) is divided by p(-8)?
8
Suppose 58 = k + d, 4*d - 6*d + 60 = k. Suppose 2*h - k = -2*h. Let c(z) = -z**3 + 9*z**2 - 4*z - 5. What is the remainder when c(8) is divided by h?
13
Suppose -3*c = -3*l + 87, 0 = 3*l + 5*c - c - 94. Suppose l - 148 = -2*o. What is the remainder when o is divided by 20?
19
Suppose j = -4*j + 65. Calculate the remainder when 77 is divided by j.
12
Let a = -56 - -68. What is the remainder when a is divided by 1?
0
Let w be 2 + 1 - (3 - 0). Let g(r) = -r**3 - r**2 - r + 31. What is the remainder when g(w) is divided by 16?
15
Suppose 2*r - 4*r + 46 = 0. What is the remainder when r is divided by 9?
5
Suppose -2*l + 5*u - 3*u = -162, -3*u - 15 = 0. Calculate the remainder when l is divided by 43.
33
Let y(j) = -7*j**3 - j**2 - 2*j - 1. Let b be y(-1). Let i = 3 + b. What is the remainder when 28 is divided by i?
8
Suppose -h = 2*h - 33. Let w be (-2)/(-3) + 176/6. Suppose -3*m = -g + 3*g - 50, 2*g - w = -2*m. What is the remainder when m is divided by h?
9
Suppose 0 = -5*a + 5 - 0. Let i(j) = 3*j - 8. What is the remainder when i(6) is divided by (0 - a - 1) + 6?
2
What is the remainder when 53 is divided by 2 + ((-21)/(-3) - -2)?
9
Suppose 3*c + 33 = 5*c - 5*m, c + 1 = -m. Suppose 2*a = -3*a + 35. Calculate the remainder when a is divided by c.
3
Suppose 2*d - 3*d = 0. Let v(f) = f + 4. Suppose 5*w = 2*j - 0*j + 42, j = w - 6. What is the remainder when w is divided by v(d)?
2
Suppose -56 = -2*k - 18. Calculate the remainder when k is divided by 11.
8
Let l(j) = j**2 + 2*j - 7. Let t be l(-5). Suppose -136 = -4*n - q, t*q - 3*q + 136 = 4*n. What is the remainder when n is divided by 12?
10
Calculate the remainder when (2 + -4)/((-2)/41) is divided by 21.
20
Let y(d) = -10*d - 5. Suppose 0 = 2*z - 0*z. Suppose -4*k = n - 29, 5*k - 14 - 11 = z. What is the remainder when y(-4) is divided by n?
8
Let n(j) = j + 2. Let f be n(3). Suppose -24 = 3*m - 15. Let g = f + m. Calculate the remainder when g is divided by 2.
0
Let c(i) = -5*i + 6. Let k(n) = 1. Let g(y) = -c(y) + 3*k(y). Let h(x) = x**2 + x - 2. Let z be h(2). Calculate the remainder when g(z) is divided by 6.
5
Suppose s - 2*m = -4*s + 55, -2*m - 42 = -4*s. Suppose -p = -o + 11, 12 = 3*o + p - 5. What is the remainder when s is divided by o?
6
Let z(m) = m**2 + 7*m + 2. Let b be z(-7). What is the remainder when 31 is divided by 22/b + 3 + -3?
9
Let f(d) = 4*d + d + 7 - 4*d. Let n(a) = 4*a - 3. Let o be n(3). What is the remainder when 31 is divided by f(o)?
15
Suppose 200 = 16*m - 6*m. Calculate the remainder when m is divided by 11.
9
Suppose 4*n - 5*n = -13. What is the remainder when 53 is divided by 0/(-3) + (n - -1)?
11
Let f = -1 + 4. What is the remainder when 7 is divided by (-3)/(-1 + 0/f)?
1
Let i be (-420)/(-8)*(-10)/(-3). Suppose 10*h = 5*h + i. Calculate the remainder when h is divided by 12.
11
Suppose 19*a - 18*a = 85. Calculate the remainder when a is divided by 29.
27
Let y = 106 + -32. Calculate the remainder when y is divided by 77/4 - 3/12.
17
What is the remainder when 4 is divided by (8/(-10))/(2/(-5))?
0
Let j(k) = k**3 + k**2 + k + 2. Suppose 0*x - 4*x = 8. Let b be j(x). Let g = b + 17. What is the remainder when 38 is divided by g?
12
Let m(u) = 11*u**2 - 2*u + 5. Calculate the remainder when m(-2) is divided by 14.
11
What is the remainder when 68 is divided by (-114)/(-8) + (-18)/72?
12
Let a be (-6)/8 + (-57)/(-12). Suppose 7*y - a*y = 69. What is the remainder when y is divided by 12?
11
Let t be -4 + 0 + 2 - 3. Let u(g) = -6*g - 7. Let w(k) = -13*k - 14. Let p(n) = 9*u(n) - 4*w(n). Calculate the remainder when 4 is divided by p(t).
1
Suppose -2*l = l - 6. Suppose 2*j - 5 + 3 = 0. Let d = j + 3. Calculate the remainder when d is divided by l.
0
Let l(i) = -i + 7. Let p be l(5). Let g(b) = 4 + b + 2*b - p*b**3 - 4*b**2 + b. Calculate the remainder when g(-4) is divided by 18.
16
Suppose -h = -3*l + 3*h + 100, 4*h - 140 = -3*l. Calculate the remainder when 31 is divided by (8/5)/4*l.
15
Let l(v) be the first derivative of v**4/4 - 2*v**3/3 - v**2 + 5*v - 3. Let h be l(4). Suppose -47 - h = -2*d. What is the remainder when d is divided by 13?
12
Suppose 126 + 